{"id":3860,"date":"2020-12-19T11:48:16","date_gmt":"2020-12-19T11:48:16","guid":{"rendered":"https:\/\/catherineboisaubert.ca\/immobilier\/?page_id=3860"},"modified":"2020-12-19T16:31:23","modified_gmt":"2020-12-19T16:31:23","slug":"liens-immobiliers","status":"publish","type":"page","link":"https:\/\/catherineboisaubert.ca\/immobilier\/liens-immobiliers\/","title":{"rendered":"Liens immobiliers"},"content":{"rendered":"\n<p><\/p>\n\n\n\n<p class=\"has-black-color has-text-color has-large-font-size\"> <img loading=\"lazy\" decoding=\"async\" width=\"200\" height=\"200\" class=\"wp-image-3861\" style=\"width: 200px;\" src=\"https:\/\/catherineboisaubert.ca\/immobilier\/wp-content\/uploads\/2020\/12\/liens-immobiliers.png\" alt=\"liens-immobiliers\" srcset=\"https:\/\/catherineboisaubert.ca\/immobilier\/wp-content\/uploads\/2020\/12\/liens-immobiliers.png 256w, https:\/\/catherineboisaubert.ca\/immobilier\/wp-content\/uploads\/2020\/12\/liens-immobiliers-150x150.png 150w, https:\/\/catherineboisaubert.ca\/immobilier\/wp-content\/uploads\/2020\/12\/liens-immobiliers-220x220.png 220w\" sizes=\"auto, (max-width: 200px) 100vw, 200px\" \/> <span class=\"has-inline-color has-black-color\">Liens immobiliers<\/span><\/p>\n\n\n\n<div class=\"wp-block-columns is-layout-flex wp-container-core-columns-is-layout-9d6595d7 wp-block-columns-is-layout-flex\">\n<div class=\"wp-block-column is-layout-flow wp-block-column-is-layout-flow\" style=\"flex-basis:100%\">\n<div class=\"wp-block-columns is-layout-flex wp-container-core-columns-is-layout-9d6595d7 wp-block-columns-is-layout-flex\">\n<div class=\"wp-block-column is-layout-flow wp-block-column-is-layout-flow\">\n<figure class=\"wp-block-image size-large is-style-default\"><a href=\"https:\/\/www.cmhc-schl.gc.ca\/fr\/\" target=\"_blank\" rel=\"noopener\"><img loading=\"lazy\" decoding=\"async\" width=\"355\" height=\"200\" src=\"https:\/\/catherineboisaubert.ca\/immobilier\/wp-content\/uploads\/2020\/12\/logo-SCHL.jpg\" alt=\"Soci\u00e9t\u00e9 canadienne d'hypoth\u00e8que et de logement (SCHL)\" class=\"wp-image-3864\" srcset=\"https:\/\/catherineboisaubert.ca\/immobilier\/wp-content\/uploads\/2020\/12\/logo-SCHL.jpg 355w, https:\/\/catherineboisaubert.ca\/immobilier\/wp-content\/uploads\/2020\/12\/logo-SCHL-300x169.jpg 300w\" sizes=\"auto, (max-width: 355px) 100vw, 355px\" \/><\/a><figcaption>Soci\u00e9t\u00e9 canadienne d&#8217;hypoth\u00e8que et de logement (SCHL)<\/figcaption><\/figure>\n<\/div>\n\n\n\n<div class=\"wp-block-column is-layout-flow wp-block-column-is-layout-flow\">\n<figure class=\"wp-block-image size-large is-style-default\"><a href=\"https:\/\/www.oaciq.com\/fr\" target=\"_blank\" rel=\"noopener\"><img loading=\"lazy\" decoding=\"async\" width=\"355\" height=\"200\" src=\"https:\/\/catherineboisaubert.ca\/immobilier\/wp-content\/uploads\/2020\/12\/logo-OACIQ.jpg\" alt=\"liens OACIQ\" class=\"wp-image-3865\" srcset=\"https:\/\/catherineboisaubert.ca\/immobilier\/wp-content\/uploads\/2020\/12\/logo-OACIQ.jpg 355w, https:\/\/catherineboisaubert.ca\/immobilier\/wp-content\/uploads\/2020\/12\/logo-OACIQ-300x169.jpg 300w\" sizes=\"auto, (max-width: 355px) 100vw, 355px\" \/><\/a><figcaption>L&#8217;Organisme d&#8217;autor\u00e9glementation du courtage immobilier du Qu\u00e9bec (OCAIQ)<\/figcaption><\/figure>\n<\/div>\n\n\n\n<div class=\"wp-block-column is-layout-flow wp-block-column-is-layout-flow\">\n<figure class=\"wp-block-image size-large is-style-default\"><a href=\"https:\/\/www.centris.ca\/\" target=\"_blank\" rel=\"noopener\"><img loading=\"lazy\" decoding=\"async\" width=\"355\" height=\"200\" src=\"https:\/\/catherineboisaubert.ca\/immobilier\/wp-content\/uploads\/2020\/12\/logo-centris.jpg\" alt=\"Centris.ca\" class=\"wp-image-3875\" srcset=\"https:\/\/catherineboisaubert.ca\/immobilier\/wp-content\/uploads\/2020\/12\/logo-centris.jpg 355w, https:\/\/catherineboisaubert.ca\/immobilier\/wp-content\/uploads\/2020\/12\/logo-centris-300x169.jpg 300w\" sizes=\"auto, (max-width: 355px) 100vw, 355px\" \/><\/a><figcaption>entris.ca<\/figcaption><\/figure>\n<\/div>\n<\/div>\n<\/div>\n<\/div>\n\n\n\n<div class=\"wp-block-columns is-layout-flex wp-container-core-columns-is-layout-9d6595d7 wp-block-columns-is-layout-flex\">\n<div class=\"wp-block-column is-layout-flow wp-block-column-is-layout-flow\">\n<figure class=\"wp-block-image size-large is-style-default\"><a href=\"https:\/\/www.ascq.qc.ca\/\" target=\"_blank\" rel=\"noopener\"><img loading=\"lazy\" decoding=\"async\" width=\"355\" height=\"200\" src=\"https:\/\/catherineboisaubert.ca\/immobilier\/wp-content\/uploads\/2020\/12\/logo-ASCQ.jpg\" alt=\"Association des syndicats de copropri\u00e9t\u00e9 du Qu\u00e9bec\" class=\"wp-image-3869\" srcset=\"https:\/\/catherineboisaubert.ca\/immobilier\/wp-content\/uploads\/2020\/12\/logo-ASCQ.jpg 355w, https:\/\/catherineboisaubert.ca\/immobilier\/wp-content\/uploads\/2020\/12\/logo-ASCQ-300x169.jpg 300w\" sizes=\"auto, (max-width: 355px) 100vw, 355px\" \/><\/a><figcaption>Association des syndicats de copropri\u00e9t\u00e9 du Qu\u00e9bec<\/figcaption><\/figure>\n<\/div>\n\n\n\n<div class=\"wp-block-column is-layout-flow wp-block-column-is-layout-flow\">\n<figure class=\"wp-block-image size-large is-style-default\"><a href=\"https:\/\/www.corpiq.com\/\" target=\"_blank\" rel=\"noopener\"><img loading=\"lazy\" decoding=\"async\" width=\"355\" height=\"200\" src=\"https:\/\/catherineboisaubert.ca\/immobilier\/wp-content\/uploads\/2020\/12\/logo-CORPIQ.jpg\" alt=\"Corporation des propri\u00e9taires immobiliers du Qu\u00e9bec\" class=\"wp-image-3870\" srcset=\"https:\/\/catherineboisaubert.ca\/immobilier\/wp-content\/uploads\/2020\/12\/logo-CORPIQ.jpg 355w, https:\/\/catherineboisaubert.ca\/immobilier\/wp-content\/uploads\/2020\/12\/logo-CORPIQ-300x169.jpg 300w\" sizes=\"auto, (max-width: 355px) 100vw, 355px\" \/><\/a><figcaption>Corporation des propri\u00e9taires immobiliers du Qu\u00e9bec<\/figcaption><\/figure>\n<\/div>\n\n\n\n<div class=\"wp-block-column is-layout-flow wp-block-column-is-layout-flow\"><\/div>\n<\/div>\n\n\n\n<p><\/p>\n<div style=\"padding-bottom:20px; padding-top:10px;\" class=\"hupso-share-buttons\"><!-- Hupso Share Buttons - https:\/\/www.hupso.com\/share\/ --><a class=\"hupso_counters\" href=\"https:\/\/www.hupso.com\/share\/\"><img decoding=\"async\" src=\"https:\/\/static.hupso.com\/share\/buttons\/lang\/fr\/share-small.png\" style=\"border:0px; padding-top:2px; float:left;\" alt=\"Share Button\"\/><\/a><script type=\"text\/javascript\">var hupso_services_c=new Array(\"facebook_like\",\"facebook_send\",\"email\",\"print\",\"linkedin\");var hupso_counters_lang = \"fr_CA\";var hupso_image_folder_url = \"\";var hupso_url_c=\"\";var hupso_title_c=\"Liens%20immobiliers\";<\/script><script type=\"text\/javascript\" src=\"https:\/\/static.hupso.com\/share\/js\/counters.js\"><\/script><!-- Hupso Share Buttons --><\/div>","protected":false},"excerpt":{"rendered":"<p>Liens immobiliers<\/p>\n<div style=\"padding-bottom:20px; padding-top:10px;\" class=\"hupso-share-buttons\"><!-- Hupso Share Buttons - https:\/\/www.hupso.com\/share\/ --><a class=\"hupso_counters\" href=\"https:\/\/www.hupso.com\/share\/\"><img src=\"https:\/\/static.hupso.com\/share\/buttons\/lang\/fr\/share-small.png\" style=\"border:0px; padding-top:2px; float:left;\" alt=\"Share Button\"\/><\/a><script type=\"text\/javascript\">var hupso_services_c=new Array(\"facebook_like\",\"facebook_send\",\"email\",\"print\",\"linkedin\");var hupso_counters_lang = \"fr_CA\";var hupso_image_folder_url = \"\";var hupso_url_c=\"\";var hupso_title_c=\"Liens%20immobiliers\";<\/script><script type=\"text\/javascript\" src=\"https:\/\/static.hupso.com\/share\/js\/counters.js\"><\/script><!-- Hupso Share Buttons --><\/div>","protected":false},"author":1,"featured_media":3861,"parent":0,"menu_order":0,"comment_status":"closed","ping_status":"closed","template":"","meta":{"footnotes":""},"class_list":["post-3860","page","type-page","status-publish","has-post-thumbnail","hentry","clearfix"],"_links":{"self":[{"href":"https:\/\/catherineboisaubert.ca\/immobilier\/wp-json\/wp\/v2\/pages\/3860","targetHints":{"allow":["GET"]}}],"collection":[{"href":"https:\/\/catherineboisaubert.ca\/immobilier\/wp-json\/wp\/v2\/pages"}],"about":[{"href":"https:\/\/catherineboisaubert.ca\/immobilier\/wp-json\/wp\/v2\/types\/page"}],"author":[{"embeddable":true,"href":"https:\/\/catherineboisaubert.ca\/immobilier\/wp-json\/wp\/v2\/users\/1"}],"replies":[{"embeddable":true,"href":"https:\/\/catherineboisaubert.ca\/immobilier\/wp-json\/wp\/v2\/comments?post=3860"}],"version-history":[{"count":8,"href":"https:\/\/catherineboisaubert.ca\/immobilier\/wp-json\/wp\/v2\/pages\/3860\/revisions"}],"predecessor-version":[{"id":3898,"href":"https:\/\/catherineboisaubert.ca\/immobilier\/wp-json\/wp\/v2\/pages\/3860\/revisions\/3898"}],"wp:featuredmedia":[{"embeddable":true,"href":"https:\/\/catherineboisaubert.ca\/immobilier\/wp-json\/wp\/v2\/media\/3861"}],"wp:attachment":[{"href":"https:\/\/catherineboisaubert.ca\/immobilier\/wp-json\/wp\/v2\/media?parent=3860"}],"curies":[{"name":"wp","href":"https:\/\/api.w.org\/{rel}","templated":true}]}}