{"id":5154,"date":"2025-02-21T14:28:10","date_gmt":"2025-02-21T14:28:10","guid":{"rendered":"https:\/\/catherineboisaubert.ca\/immobilier\/?page_id=5154"},"modified":"2025-02-21T14:46:59","modified_gmt":"2025-02-21T14:46:59","slug":"temoignages","status":"publish","type":"page","link":"https:\/\/catherineboisaubert.ca\/immobilier\/temoignages\/","title":{"rendered":"T\u00e9moignages"},"content":{"rendered":"\n<blockquote class=\"wp-block-quote is-layout-flow wp-block-quote-is-layout-flow\">\n<p>J&#8217;ai fait une vente et un achat de condo avec Catherine. Elle sait rapidement comprendre les besoins des personnes et comment s&#8217;y adapter. Catherine m&#8217;a accompagn\u00e9 \u00e0 chacune des \u00e9tapes en \u00e9tant disponible et rassurante. Je projette acheter un chalet dans les prochaines ann\u00e9es et c&#8217;est certain que je refais affaire avec Catherine pour cette future transaction, sans h\u00e9siter! Un grand Merci pour tout ton aide.<\/p>\n\n\n\n<p><strong>Julie Charest<\/strong><\/p>\n<\/blockquote>\n\n\n\n<blockquote class=\"wp-block-quote is-layout-flow wp-block-quote-is-layout-flow\">\n<p>Nous avons eu un service plut\u00f4t comme si on \u00e9tait des amis. Ce que nous sommes devenu au fil du temps. Catherine toujours tr\u00e8s attentionn\u00e9 par rapport \u00e0 nos besoins et du type de maison que l&#8217;on cherchait vraiment.<\/p>\n\n\n\n<p><strong>Jean-Pierre Laforest<\/strong><\/p>\n<\/blockquote>\n\n\n\n<blockquote class=\"wp-block-quote is-layout-flow wp-block-quote-is-layout-flow\">\n<p>Catherine a une solide expertise et ma\u00eetrise parfaitement les rouages du march\u00e9.<\/p>\n\n\n\n<p><strong>Peggy Houngbo<\/strong><\/p>\n<\/blockquote>\n\n\n\n<blockquote class=\"wp-block-quote is-layout-flow wp-block-quote-is-layout-flow\">\n<p>Professionnalisme, Qualit\u00e9, R\u00e9activit\u00e9. Un service hors pair. Elle nous a \u00e9paul\u00e9 et guid\u00e9 a chaque \u00e9tapes de l\u2019achats n\u00f4tres maison sans rel\u00e2che. Elle offres une aide personnalis\u00e9 et jovial.<\/p>\n\n\n\n<p><strong>Maxime Gagnon<\/strong><\/p>\n<\/blockquote>\n\n\n\n<blockquote class=\"wp-block-quote is-layout-flow wp-block-quote-is-layout-flow\">\n<p>J&#8217;ai achet\u00e9 et vendu 7 fois avec Catherine et j&#8217;ai toujours eu totale satisfaction. J&#8217;ai eu un service tr\u00e8s professionnel elle s&#8217;occupe de tout et nous n&#8217;avons jamais eu de mauvaises surprises.<\/p>\n\n\n\n<p><strong>France St-Maurice<\/strong><\/p>\n<\/blockquote>\n\n\n\n<blockquote class=\"wp-block-quote is-layout-flow wp-block-quote-is-layout-flow\">\n<p>J&#8217;ai rencontr\u00e9 Catherine lors de ma premi\u00e8re recherche de maison il y a plus de 20 ans. Vous d\u00e9sirez un service hors pair, du professionnalisme, de la comp\u00e9tence et de l&#8217;expertise, voil\u00e0 Catherine doit \u00eatre votre courtier.<\/p>\n\n\n\n<p><strong>Chantal Briscot<\/strong><\/p>\n<\/blockquote>\n<div style=\"padding-bottom:20px; padding-top:10px;\" class=\"hupso-share-buttons\"><!-- Hupso Share Buttons - https:\/\/www.hupso.com\/share\/ --><a class=\"hupso_counters\" href=\"https:\/\/www.hupso.com\/share\/\"><img decoding=\"async\" src=\"https:\/\/static.hupso.com\/share\/buttons\/lang\/fr\/share-small.png\" style=\"border:0px; padding-top:2px; float:left;\" alt=\"Share Button\"\/><\/a><script type=\"text\/javascript\">var hupso_services_c=new Array(\"facebook_like\",\"facebook_send\",\"email\",\"print\",\"linkedin\");var hupso_counters_lang = \"fr_CA\";var hupso_image_folder_url = \"\";var hupso_url_c=\"\";var hupso_title_c=\"T%C3%A9moignages\";<\/script><script type=\"text\/javascript\" src=\"https:\/\/static.hupso.com\/share\/js\/counters.js\"><\/script><!-- Hupso Share Buttons --><\/div>","protected":false},"excerpt":{"rendered":"<p>J&#8217;ai fait une vente et un achat de condo avec Catherine. Elle sait rapidement comprendre les besoins des personnes et comment s&#8217;y adapter. Catherine m&#8217;a accompagn\u00e9 \u00e0 chacune des \u00e9tapes en \u00e9tant disponible et rassurante. Je projette acheter un chalet dans les prochaines ann\u00e9es et c&#8217;est certain que je refais affaire avec Catherine pour cette [&hellip;]<\/p>\n<div style=\"padding-bottom:20px; padding-top:10px;\" class=\"hupso-share-buttons\"><!-- Hupso Share Buttons - https:\/\/www.hupso.com\/share\/ --><a class=\"hupso_counters\" href=\"https:\/\/www.hupso.com\/share\/\"><img src=\"https:\/\/static.hupso.com\/share\/buttons\/lang\/fr\/share-small.png\" style=\"border:0px; padding-top:2px; float:left;\" alt=\"Share Button\"\/><\/a><script type=\"text\/javascript\">var hupso_services_c=new Array(\"facebook_like\",\"facebook_send\",\"email\",\"print\",\"linkedin\");var hupso_counters_lang = \"fr_CA\";var hupso_image_folder_url = \"\";var hupso_url_c=\"\";var hupso_title_c=\"T%C3%A9moignages\";<\/script><script type=\"text\/javascript\" src=\"https:\/\/static.hupso.com\/share\/js\/counters.js\"><\/script><!-- Hupso Share Buttons --><\/div>","protected":false},"author":1,"featured_media":0,"parent":0,"menu_order":0,"comment_status":"closed","ping_status":"closed","template":"","meta":{"footnotes":""},"class_list":["post-5154","page","type-page","status-publish","hentry","clearfix"],"_links":{"self":[{"href":"https:\/\/catherineboisaubert.ca\/immobilier\/wp-json\/wp\/v2\/pages\/5154","targetHints":{"allow":["GET"]}}],"collection":[{"href":"https:\/\/catherineboisaubert.ca\/immobilier\/wp-json\/wp\/v2\/pages"}],"about":[{"href":"https:\/\/catherineboisaubert.ca\/immobilier\/wp-json\/wp\/v2\/types\/page"}],"author":[{"embeddable":true,"href":"https:\/\/catherineboisaubert.ca\/immobilier\/wp-json\/wp\/v2\/users\/1"}],"replies":[{"embeddable":true,"href":"https:\/\/catherineboisaubert.ca\/immobilier\/wp-json\/wp\/v2\/comments?post=5154"}],"version-history":[{"count":4,"href":"https:\/\/catherineboisaubert.ca\/immobilier\/wp-json\/wp\/v2\/pages\/5154\/revisions"}],"predecessor-version":[{"id":5160,"href":"https:\/\/catherineboisaubert.ca\/immobilier\/wp-json\/wp\/v2\/pages\/5154\/revisions\/5160"}],"wp:attachment":[{"href":"https:\/\/catherineboisaubert.ca\/immobilier\/wp-json\/wp\/v2\/media?parent=5154"}],"curies":[{"name":"wp","href":"https:\/\/api.w.org\/{rel}","templated":true}]}}